nd 11548909.
1523
What is the highest common divisor of 3543158 and 8740?
38
What is the highest common divisor of 6862995 and 2?
1
Calculate the greatest common divisor of 22 and 561778129.
11
Calculate the greatest common divisor of 1896238 and 2872.
718
Calculate the highest common factor of 47122434 and 11255.
2251
What is the greatest common divisor of 2282 and 8708980?
14
What is the highest common divisor of 365258 and 487433?
181
Calculate the highest common factor of 20295 and 2238885.
495
Calculate the greatest common divisor of 3696 and 213829.
77
Calculate the highest common factor of 1671 and 1369663.
557
What is the greatest common factor of 7979 and 451866728?
7979
What is the greatest common factor of 75561 and 1342743?
267
What is the highest common divisor of 14247000 and 9288?
72
What is the greatest common divisor of 55 and 106239496?
11
Calculate the greatest common factor of 178 and 95117237.
89
Calculate the highest common divisor of 85112265 and 1935.
645
What is the greatest common factor of 1204 and 42383810?
602
What is the greatest common factor of 28658 and 5222?
14
Calculate the greatest common factor of 28363308 and 451.
41
Calculate the greatest common factor of 2249 and 2743.
13
Calculate the greatest common divisor of 44 and 91781679.
11
What is the highest common factor of 9281015 and 290?
145
What is the highest common factor of 7069 and 38834?
1
Calculate the greatest common factor of 20799525 and 17520.
1095
What is the greatest common divisor of 658419 and 7247962?
5353
What is the highest common factor of 5611 and 501550457?
5611
Calculate the greatest common divisor of 141 and 5143113.
3
Calculate the greatest common divisor of 298485025 and 613.
613
What is the greatest common divisor of 354 and 475168300?
118
Calculate the highest common divisor of 490084 and 2852228.
3044
What is the highest common factor of 365204 and 574?
14
Calculate the highest common factor of 6150 and 7260.
30
What is the greatest common factor of 52491636 and 300?
12
What is the highest common factor of 810 and 369603?
81
What is the highest common factor of 1694118 and 204?
102
What is the greatest common divisor of 74908808 and 2314?
2314
Calculate the greatest common divisor of 11696 and 113219.
43
What is the greatest common divisor of 26973 and 148037?
37
What is the highest common divisor of 68342126 and 190?
38
What is the highest common divisor of 261206 and 4208787?
4213
What is the highest common divisor of 14278 and 139700?
22
What is the highest common factor of 947470 and 20?
10
What is the highest common divisor of 10019 and 11911?
43
Calculate the highest common divisor of 2181390 and 121905.
645
Calculate the greatest common divisor of 2907 and 1039999599.
2907
Calculate the highest common divisor of 247 and 254525843.
247
Calculate the highest common divisor of 219096 and 337594.
358
What is the greatest common factor of 567476 and 65156?
364
What is the highest common factor of 57024158 and 78550?
3142
Calculate the highest common divisor of 196 and 113915396.
196
Calculate the greatest common factor of 1148 and 42400232.
1148
Calculate the greatest common divisor of 91 and 7763.
7
Calculate the highest common divisor of 640 and 31264480.
160
What is the highest common divisor of 783 and 650731?
29
What is the greatest common divisor of 796118665 and 10?
5
What is the greatest common factor of 3390 and 1456683?
339
Calculate the greatest common divisor of 24596595 and 38185.
5455
What is the greatest common factor of 6174542 and 4730?
946
Calculate the highest common factor of 4208 and 67843480.
2104
Calculate the greatest common factor of 195279 and 496776.
21
Calculate the highest common factor of 754 and 3650751.
13
What is the greatest common factor of 10759 and 1082207?
371
Calculate the greatest common divisor of 10558148 and 19.
19
Calculate the highest common factor of 14893 and 1438439.
281
Calculate the greatest common factor of 15 and 31705641.
3
Calculate the highest common factor of 54586 and 11648.
14
What is the highest common factor of 4367041 and 165900?
553
What is the greatest common factor of 75 and 1090150?
25
Calculate the highest common divisor of 8873 and 97136.
467
Calculate the greatest common divisor of 5704155 and 248.
31
What is the highest common factor of 4473 and 40924968?
1491
What is the highest common factor of 7385300 and 2366?
338
What is the greatest common factor of 8675240 and 112?
56
What is the greatest common divisor of 69764 and 18268388?
652
What is the greatest common factor of 223997 and 74773?
23
Calculate the highest common divisor of 763725 and 94350.
1275
Calculate the highest common factor of 432 and 2319317064.
216
What is the greatest common factor of 46 and 36575773?
23
What is the greatest common divisor of 382736394 and 2214?
2214
Calculate the greatest common divisor of 191144 and 3656.
8
What is the greatest common factor of 4492410 and 9672?
78
Calculate the highest common divisor of 195064978 and 322.
46
What is the greatest common factor of 138 and 47296671?
69
Calculate the highest common factor of 56042 and 356.
2
What is the highest common divisor of 805 and 2152815?
35
Calculate the highest common factor of 2888032 and 4256.
224
Calculate the greatest common factor of 261032728 and 198.
22
What is the greatest common divisor of 604506 and 11840?
74
Calculate the greatest common factor of 94 and 2124062.
2
What is the highest common factor of 55576856 and 70699?
3721
What is the greatest common divisor of 3942 and 1103038614?
3942
Calculate the greatest common divisor of 54236 and 22204.
364
What is the highest common factor of 86632 and 24290280?
6664
Calculate the greatest common factor of 142457 and 517.
47
What is the greatest common factor of 3856 and 161321544?
1928
Calculate the highest common factor of 9543204 and 5540.
1108
What is the highest common factor of 44216 and 62632?
8
Calculate the highest common factor of 44244600 and 27750.
5550
Calculate the highest common divisor of 113426798 and 1238.
1238
Calculate the greatest common factor of 5643 and 4894153.
209
What is the highest common factor of 159 and 322187424?
159
Calculate the highest common factor of 126 and 276714.
18
What is the greatest common divisor of 2 and 2831294?
2
Calculate the highest common factor of 12816726 and 1554.
222
What is the highest common factor of 46 and 6452926?
46
What is the greatest common factor of 107415 and 656810?
385
What is the highest common divisor of 5870326 and 176?
22
Calculate the greatest common divisor of 111352 and 27404.
124
What is the highest common divisor of 3736 and 7331?
1
What is the highest common factor of 598752 and 70?
14
Calculate the highest common divisor of 2479233 and 231.
3
Calculate the greatest common factor of 1104 and 18691548.
276
What is the greatest common factor of 922473 and 1776?
3
Calculate the greatest common divisor of 47583 and 260307.
2799
What is the greatest common factor of 957244 and 217100?
668
What is the highest common divisor of 1033511 and 234250?
937
What is the greatest common factor of 578 and 113458?
34
Calculate the highest common factor of 41769 and 964509.
273
What is the greatest common factor of 29455916 and 7420?
1484
Calculate the greatest common factor of 556215 and 132.
33
Calculate the greatest common divisor of 1010 and 3635.
5
Calculate the highest common factor of 10 and 815230690.
10
What is the highest common divisor of 2613955 and 3485?
205
Calculate the greatest common factor of 6372270 and 1662.
6
What is the highest common factor of 2378 and 23360776?
58
Calculate the highest common divisor of 508 and 52095908.
508
What is the highest common factor of 117852 and 2482620?
1932
What is the highest common divisor of 2014 and 359331838?
2014
Calculate the greatest common factor of 2255 and 1247069120.
2255
Calculate the greatest common factor of 28682158 and 40661.
557
Calculate the highest common divisor of 4908 and 465442.
818
Calculate the highest common divisor of 6783201 and 171.
9
Calculate the highest common divisor of 144 and 77928444.
36
What is the highest common divisor of 2196 and 1944436?
244
What is the highest common factor of 43 and 29505095?
43
What 